*d + 15 = 0. Determine v(i).
1
Let k(o) = 3*o**2 - 4*o + 3. Suppose -i + 2 = -3. Suppose -4 = i*p - 14. Give k(p).
7
Let l(r) = r**2 + 6*r - 6. Let p(n) = -n**3 + 16*n**2 - 29*n + 7. Let t be p(14). Determine l(t).
1
Suppose 2*b = a - 10, -5*a + 3*b - 20 = 7*b. Let z be -1 - (-2)/3*3. Let c(o) = -o**2 + a - 1 - 2 - z + 6*o. Give c(4).
4
Let s(g) = 2*g**3 - 2*g**2 + 2*g - 1. Let w = -4 + 5. Let p be s(w). Let k(y) = -5*y - 1. What is k(p)?
-6
Let f be (0 - -2)/((-4)/(-6)). Let g(t) = -5*t**3 + t**2 + t - 6. Let k(z) = 9*z**3 - 2*z**2 - 3*z + 11. Let w(v) = -7*g(v) - 4*k(v). What is w(f)?
-5
Suppose -11*w - 30 = -5*w. Let i(a) = a**3 + 4*a**2 - 5*a - 1. Give i(w).
-1
Let g(z) = -5*z - 2 + 2*z**2 - 4*z**2 + z**2. Let y be 2/8 - 79/(-4). Suppose -y = 5*p, 3*p - p + 33 = -5*a. What is g(a)?
-2
Let t(s) be the third derivative of -s**6/60 + s**5/15 - s**4/6 + s**3/3 - s**2. Let a(z) = 4*z + 3*z**2 + z**2 - 5*z**2 + 7. Let c be a(5). Calculate t(c).
-6
Let m = 3 + -8. Let c(t) be the first derivative of -3*t**2 - 6*t - 1/3*t**3 + 1. What is c(m)?
-1
Suppose 2*z - 5*m + 39 = -2*m, 0 = -2*m + 10. Let p = z + 17. Let b(r) = -r**3 + 7*r**2 + 5. Let a(h) = -h**2 - h. Let i(y) = -2*a(y) - b(y). What is i(p)?
5
Suppose 2*h - 3*h - 3*n - 5 = 0, 0 = 5*h - 3*n - 29. Let c(x) = -23 + h*x + 18 - 3*x - x**2. Suppose -k = -0*k. Determine c(k).
-5
Let s(d) = d + 1. Let i(y) = 5*y + 7. Let o(v) = i(v) - 6*s(v). Let b be ((-560)/(-30))/14*(-18)/8. Calculate o(b).
4
Let o(f) be the second derivative of -f**5/10 - f**4/6 + f**3/6 + f. Let z be (4/5)/(8/(-20)). What is o(z)?
6
Let z(x) = 2*x + 3*x + 1 + x**2 - 5*x - 6*x. Calculate z(5).
-4
Let l(i) be the second derivative of -3*i - 1/20*i**5 - 3*i**2 - 2/3*i**3 + 0 + 1/2*i**4. Determine l(5).
-1
Let g(z) = 2*z. Let x = 5 - 3. Suppose -x*l - 5 = 1. Let t(m) = m + 4. Let w be t(l). Give g(w).
2
Let y(o) = -2 - o + 3 - 10. Let s = -9 - -5. What is y(s)?
-5
Suppose -10 = 4*j + 2*x, 2*j - 3*x + x - 10 = 0. Let b(g) = g - 9. What is b(j)?
-9
Let r = -2 + -3. Let g(y) be the third derivative of y**7/5040 + y**6/240 - y**5/15 + y**2. Let q(p) be the third derivative of g(p). Give q(r).
-2
Let s(m) = m**3 + 9*m**2 + 14*m + 1. Let o be s(-7). Let c(w) = 18*w - 1. Determine c(o).
17
Let k(n) be the third derivative of n**4/4 - n**3/6 + 4*n**2. Let u be (3/6 + 0)*8. Let j = u + -3. What is k(j)?
5
Let s = -15 + 21. Let b(y) = -y**3 + 5*y**2 + 8*y - 9. Give b(s).
3
Let g(t) = -8*t - 5. Let l(k) = -18*k - 11. Let b(w) = -5*g(w) + 2*l(w). Give b(-6).
-21
Let r(f) = 75*f - 72*f - f**2 + 3*f**2. Calculate r(-3).
9
Let h(p) be the second derivative of 3*p**3/2 + 31*p. Give h(-1).
-9
Let q be -4*((-6)/(-4))/1. Let v(b) = b + 161*b**3 + 0*b**2 - 162*b**3 + 2 - 6*b**2. Let l be v(q). Let c(n) = -3*n - 5. Give c(l).
7
Let b(y) = y**3 - 5*y**2 + 5*y - 6. Let j be 1 + 2/((-4)/(-6)). Calculate b(j).
-2
Let j(d) = -d. Let g(s) = 6. Let c(l) = -g(l) + j(l). Give c(-5).
-1
Suppose 0 = 2*c + 2*f - 16, -c + 3*f = 4 + 8. Let r(l) = 2*l**2 - 3*l - 2. What is r(c)?
7
Let z(p) be the first derivative of -p**2/2 + p + 5. Let n(q) = -q + 9. Let a be n(7). Give z(a).
-1
Let v = -14 - -13. Let y(c) = -5*c**3 - 7*c**2 + 9*c - 7. Let k(z) = -3*z**3 - 4*z**2 + 5*z - 4. Let t(q) = -7*k(q) + 4*y(q). Calculate t(v).
-2
Let t(a) = -a**3 - a**2 - a. Let q = -14 - -18. Suppose -2*d - 1 = -5*u + 1, -q*u - d = 1. What is t(u)?
0
Suppose 0 = 5*d - 0 - 95. Suppose 3*k - 4 = -d. Let a(n) = -n**2 - 2*n + 5. What is a(k)?
-10
Let q(o) = o**2 + 6*o + 3. Suppose -2*g + 9 = 17. Give q(g).
-5
Let t(z) = -2*z + 5*z**2 - 9 - 3 - 2*z + 11*z. Let j(b) = 11*b**2 + 14*b - 25. Let v(g) = -6*j(g) + 13*t(g). What is v(5)?
4
Let j(z) = z**3 + 8*z**2 + 7*z. Suppose 13*h + 7 = 12*h. What is j(h)?
0
Let s(f) = -2*f + 1. Suppose -4*q - 2*m - 1 = -3, 3*q + 2*m + 1 = 0. Calculate s(q).
-5
Let o(t) = -18 + t + 4*t**2 - 3*t + 19. Determine o(2).
13
Suppose 2*h = -3*p + 3*h + 12, 0 = p + 4*h - 17. Let q(j) be the first derivative of 1/2*j**2 - j + 5/3*j**3 - 2 - 1/4*j**4. Give q(p).
4
Let m be (0 - -6)*(-4)/(-6). Suppose 3*s - 1 = 5*l - 14, 0 = -2*s - m*l - 16. Let a = s - -8. Let f(h) = -2*h**2 + 3*h - 2. Determine f(a).
-4
Let d(b) = b**3 - 5*b**2 + 5*b + 2. Let v be d(4). Let z(f) = -2*f**2 + 0*f**2 + 2 + 5*f**2 - 6*f - 2*f**2. Calculate z(v).
2
Let q(v) = 7*v - 1. Let o(t) = -t + t**2 + t. Let g be o(0). Let y be 2 - (g + 1/1). What is q(y)?
6
Let w(z) = -9*z + 9. Let i(p) = 5*p - 5. Let d(s) = -11*i(s) - 6*w(s). Let k(v) = -v + 4. Let b(l) = l + 7. Let x be b(-7). Let q be k(x). Calculate d(q).
-3
Let o(f) be the first derivative of f**4/4 - 5*f**3/3 + 7*f - 52. Let l(x) = x**2 - x + 5. Let i be l(0). Give o(i).
7
Let z(g) = -2*g - 3. Let x(n) = -3*n**2 - 2*n - 2. Let s(k) = k**2 + k + 1. Let i(q) = 5*s(q) + 2*x(q). Let d be i(-2). What is z(d)?
7
Let y(c) = c**2. Let f(m) = -2*m + 6*m**2 - 2*m**3 - m**3 - 3*m**2 + 4*m**3. Let d(k) = f(k) - 6*y(k). What is d(3)?
-6
Let d(i) = 2*i - 30. Let q be d(18). Let f(b) = b**2 - 3*b + 1. Give f(q).
19
Let j(c) = -c - 1. Let l be j(-6). Let u(k) = -4 + 6*k - k**2 + k**2 - k**2 + 0. Give u(l).
1
Suppose -4*r = 0, -m + r = 2*r. Let v(f) = f**2 - 2*f + 7 + 0*f + f. What is v(m)?
7
Let s(i) be the first derivative of -i**2 + 2*i - 11. Determine s(-5).
12
Let u be (-2 + 10/25)*(-5)/2. Let m(y) = y**3 - 6*y**2 + 5*y + 4. What is m(u)?
-8
Suppose -15 = -2*l - m, 0 = 4*l - 8*m + 3*m - 65. Suppose n + 6 - l = 0. Let a(h) = -5*h**2 + h + 5. Let o(u) = -u**3 + 1. Let d(b) = a(b) - o(b). What is d(n)?
-8
Let y(m) be the third derivative of m**6/720 - m**5/60 - m**4/8 + 3*m**2. Let k(t) be the second derivative of y(t). Calculate k(4).
2
Let v(r) = 1 - 18*r + 13*r - 1 - r**2 - 5. Calculate v(-5).
-5
Let g be 13/(13/6) - 4. Let v(k) = k**2 + k + 1. Give v(g).
7
Let p(f) = -f + 3. Let r(v) = 4*v - 12. Suppose 3*b - 8 = -b. Let m(y) = b*r(y) + 9*p(y). Let q be m(8). Let d(o) = o - 4. Calculate d(q).
-9
Let a(p) = p**3 + 4*p**2 + 9*p + 2. Let y(o) = 2*o**3 + 7*o**2 + 19*o + 5. Let w(d) = -5*a(d) + 2*y(d). Determine w(-5).
10
Let o(x) = x**3 + 5*x**2 + 4*x + 1. Let q be (72/60)/(2/(-10)). Let c = q + 3. What is o(c)?
7
Suppose 2*u - f - f = -4, 0 = 2*u - 5*f + 13. Let v be (3/(-6))/(2/(-12)). Let d(o) = -o + 4*o**2 + 0*o + v*o**2. What is d(u)?
6
Suppose -t + 5*t = 3*j - 4, -j = 3*t + 3. Suppose l = -j*l + 2. Let f(h) = -3*h**3 + 2*h**2 + 2*h - 2. Give f(l).
-14
Let c(m) = -7*m + 6. Let y(g) = g. Let h(f) = -c(f) - 6*y(f). Let q(v) = -v**2 + 13*v - 17. Let w be q(12). Let j = w - -11. Give h(j).
0
Let v(b) be the first derivative of -4 + 6*b - 1/2*b**2. Suppose 0 = -3*t + 2*t + 2*z + 11, 5*t + 4*z - 13 = 0. Calculate v(t).
1
Let d(c) = c**3 - c**2 - 2*c - 2. Let v(w) = w**2 - 4*w + 3. Suppose 3 = 3*l - 6. Let i be v(l). Suppose 0 = -p - i + 3. Give d(p).
10
Let i(l) = -3*l**2 - 5*l - 7. Let h(x) = 5*x**2 + 10*x + 14. Let n(o) = -4*h(o) - 7*i(o). Determine n(7).
7
Let m(b) be the first derivative of -4*b - 2 - 2*b**3 + 1/4*b**4 + 0*b**2. Determine m(6).
-4
Let m(o) = -o - 4. Let h = -10 + 3. Give m(h).
3
Let n(t) = -t - 1. Let v(w) = -5*w + 6. Let a be v(6). Let g be 2/5 - a/15. Determine n(g).
-3
Let q(v) = 4*v - 1. Let a(n) be the third derivative of 13/6*n**3 + 0*n + 0 + 3*n**2 + 11/24*n**4 + 1/60*n**5. Let g be a(-10). Calculate q(g).
11
Let i(u) = -u - 8. Let s(v) = 4*v + 32. Let o(d) = 9*i(d) + 2*s(d). Let x be o(-5). Let q(k) = -k**2 - k + 1. What is q(x)?
-5
Let q(w) be the second derivative of 1/6*w**3 + 0 + 2*w + 11/2*w**2. Let z be q(-6). Let u(c) = -c**2 + 5*c + 5. What is u(z)?
5
Let h(o) = 1 + 8 - o - 8 - 9. Calculate h(-4).
-4
Let y(l) = 8*l**2 + l + 1. Let q(i) = i**3 + 7*i**2 + 6. Let t be q(-7). Let f be (20/6)/((-2)/t). Let k = 9 + f. Give y(k).
8
Let z(d) = 8 + 2*d**3 - 3*d**3 - 167*d + 6*d**2 + 164*d. What is z(6)?
-10
Let u(k) = k**3 - 3*k**2 - 4*k + 3. Let j be u(4). Let w be (-2)/j*105/(-10). Let q = 6 - w. Let i(o) = 6*o**2 - o - 1. What is i(q)?
6
Let d(r) = r**3 - 5*r**2 + 6. Suppose 50 = 5*h - 5*v, -4 = 2*h + 2*v - 8. Let n(t) = -t**2 + 6*t + 7. Let b be n(h). Suppose 0 = 2*m - 3 - b. What is d(m)?
6
Suppose 0*k = 3*k + 12. Let l(o) = -o**3 - 3*o**2 + 3*o - 5. Calculate l(k).
-1
Let o(t) be the first derivative of 2 + 3*t + 0*t**2 - 1/3